 - 31, 4*o + 8 = -5*i. What is w(i)?
54
Let j(n) = -n - 30. Let u be j(-19). Let s(p) = 10*p + 101. Let x be s(u). Let o(k) be the first derivative of k**2/2 + 2*k + 4. Determine o(x).
-7
Let d(y) = 2*y - 9. Let b(a) = a**2 + 27*a - 468. Let l be b(-39). Give d(l).
-9
Let x = 128 + -100. Suppose 23*m = x*m + 5, -2*j + 3*m - 3 = 0. Let l(f) = -f**3 - 4*f - 2. Calculate l(j).
37
Let j(r) = -r**2 - 6*r + 1. Let w(a) = -2*a**3 + 9*a**2 + 41*a - 14. Let i(x) = 5*j(x) + w(x). Give i(3).
6
Let n(y) = 190*y**3 - 98*y**3 - 93*y**3 - 3*y + 6 + y**2 - y + 5*y. Let l be n(2). Let x(d) = d**2 - 10*d + 1. Calculate x(l).
-23
Let m(q) = -3*q + 2. Let p = -9 - -18. Let d be 26/(-9) - p/81. What is m(d)?
11
Let j(x) be the first derivative of 0*x + 1/12*x**4 - 1/40*x**5 + 0*x**2 - 24 - 3*x**3. Let b(f) be the third derivative of j(f). Determine b(-6).
20
Let g = -566 + 560. Let d(u) = 2*u**3 - 3*u**2 - 2*u + 9. Let y(s) = 3*s**3 - 2*s**2 - 3*s + 12. Let f(h) = 4*d(h) - 3*y(h). What is f(g)?
-6
Let j(c) = -c**3 - 3. Let o(s) = s**3 + 6*s**2 + 4*s - 1. Let f be o(-5). Suppose -n - f*n - 20 = 0. Let t(k) = -k**2. Let x(g) = n*t(g) + j(g). Calculate x(4).
-3
Let d = -1 - -4. Let g(p) = 8*p - 22. Let v be g(3). Let l(c) = -v*c + 10 - 3*c**2 - 13 + c**3 + 0*c**3 + 4*c. What is l(d)?
3
Let p be 3 + 2 - 1*2. Suppose -4*c - 3*l - 9 = -0, -2*c + 3 = p*l. Let x(o) be the third derivative of -o**4/12 + o**3 - 67668*o**2. What is x(c)?
18
Suppose 4*r - 2*r - 4 = 2*m, 0 = -2*m. Let l(w) = 3*w**r + w**3 + 1 - 11 + 3*w**2 + 3 - 2*w. What is l(-6)?
5
Let h(i) be the first derivative of i**6/360 - i**5/15 + 7*i**4/24 - 20*i**3 + 42. Let g(y) be the third derivative of h(y). Calculate g(7).
0
Let n be 4 + (1 - (1 - 10)). Let r = n - 0. Suppose -y - r = -3*c, 4*y + 2*c = 4*c - 16. Let u(v) = -v**3 + 2*v**2 + 3*v + 3. Give u(y).
13
Let t(s) = -7 + 5 + 2*s - 6*s**2 + 1 + 22 - s**3. What is t(-6)?
9
Let c(f) = f**3 - 5*f**2 - f + 4. Let p(h) = h**2 - 10*h + 5. Let x(d) = d. Let u(j) = -p(j) - 4*x(j). Let l be u(3). Calculate c(l).
-16
Suppose 31*j - 30*j - 5 = y, 4*j - 52 = -4*y. Let u(v) = v**3 - 10*v**2 + 11*v - 28. Determine u(j).
-10
Let j(s) = -10*s**2 - 12*s**3 + 5 + 18*s**2 - 6*s**2 - 11*s + 0*s**2 + 17*s. Calculate j(-1).
13
Let q(z) = -z**3 + 7*z**2 - 10*z + 26. Let s be q(6). Suppose 2 = s*j + 3*p, -4*j + 2*p - 3*p + 14 = 0. Let y(f) = 7*f + 1. Determine y(j).
29
Let l be (-1)/(3*(-4)/(-60)). Suppose -y = -3*d - 64 - 71, -90 = 2*d - 2*y. Let v be ((-3)/2)/(d/(-10) + l). Let w(a) = -a - 4. Calculate w(v).
-7
Let t(i) = 107439*i**2 - 214878*i**2 - 224 - 50*i + 107438*i**2. Calculate t(-5).
1
Let x be (12 - 13)*(0 + 2/(-2)). Let q(w) = -8*w**3 - 1. Let h be q(x). Let o(t) = -t - 4. Determine o(h).
5
Let v(q) = 5*q**3 - 13*q**2 + 2*q - 19*q**2 - 16*q**2 + 43*q**2 - 18*q**3. What is v(-2)?
80
Let v(u) = 5*u - 15. Let j be 32/(-3)*(-9)/12. Give v(j).
25
Let o(g) = -2*g**3 + 11*g**2 + 5*g - 40. Suppose -3*d + 12 = -3*n, -158 = 2*d + 5*n - 173. Determine o(d).
10
Let b(k) be the second derivative of 2*k**3/3 + 5*k**2/2 + k. Suppose 10*u - 60 = 13*u. Let g be -4 + 4 + (-5)/(u/(-16)). What is b(g)?
-11
Let m(j) = -54*j + 1051. Let y(w) = -53*w + 1052. Let p(i) = 7*m(i) - 8*y(i). Give p(23).
-1
Let h = 9 - 16. Let a(u) = 9*u - 196. Let p(r) = 5*r - 107. Let x(o) = -6*a(o) + 11*p(o). Determine x(h).
-8
Suppose -6*l = 2*f - l + 4, 0 = -5*f - 5*l + 5. Let m = 6 - f. Let g(h) = -5*h - 37. Let j(u) = 21*u + 160. Let t(s) = 13*g(s) + 3*j(s). Give t(m).
-7
Let z(q) = q**3 + 13*q**2 + 36*q + 11. Suppose 12*d = -11*d + 5*d - 162. Give z(d).
11
Let z(g) be the third derivative of g**6/360 + g**5/120 - g**4/8 + 5*g**3/3 + 23*g**2. Let u(b) be the first derivative of z(b). Calculate u(-4).
9
Let f(x) = 1. Let s be (16/3 - 8)/((-2)/(-3)). Let n(p) = -p**3 - 2*p**2 + 4*p + 7. Let j(q) = s*f(q) + n(q). Give j(-2).
-5
Let y(u) be the first derivative of -11*u**2/2 - 493*u - 9487. Give y(-44).
-9
Let k(d) = -17*d**2 - 576*d + 241*d + d**3 + 316*d - 10. What is k(18)?
-28
Let j(v) be the second derivative of -v**5/20 + v**3 - v**2 + 953*v. What is j(2)?
2
Let a(x) = x**3 + 9*x**2. Let q(l) = 134 + 1454*l - 1456*l - 4*l**2 + 3*l**2. Let d be q(11). Determine a(d).
0
Suppose -3*s + 2 = -22. Let z(f) be the first derivative of -f**5/120 + f**4/4 - 2*f**3/3 - 2. Let q(v) be the third derivative of z(v). Calculate q(s).
-2
Suppose 392 = -4*f + 1632. Suppose 30 = -f*n + 315*n. Let z(v) = 2*v**2 - 12*v + 3. Determine z(n).
3
Let f(y) = -y**3 - y - 1. Let w(o) = -4*o**3 + 5*o**2 - 2*o + 1. Let l(m) = 5*f(m) - w(m). Let p be (-60)/(-9)*(7/(-4) - -1). What is l(p)?
9
Let i(u) = -2*u**2 - 10*u + 27. Let x = 27543 + -27550. Calculate i(x).
-1
Suppose 0 = 2*o - 2*j - 954, 1328 = 5*o - 2*j - 1054. Suppose -6*i + 13*i = o. Let p = i + -62. Let v(n) = -n**3 + 7*n**2 - 10*n + 7. What is v(p)?
-17
Let g(c) be the third derivative of 2*c**4 + 13*c**3/2 + 2*c**2 - 2533. Determine g(-1).
-9
Let t(n) be the second derivative of -n**4/12 + n**3/6 + n**2/2 + 3*n. Suppose 2*z = 5*l + 36, 57 = z - l + 48. Calculate t(z).
-5
Let c(y) = -130*y - 136. Let w = 7653 + -7654. Calculate c(w).
-6
Let v be 6 + -1 - (1 - (-7 - -5)). Let h(l) be the first derivative of -4*l**3/3 - l**2/2 - l - 281. What is h(v)?
-19
Let k(t) = t**3 + 3*t**2 - 141*t - 720. Let z be k(-10). Let f(s) = 4*s**3 + 39*s**2 - 8*s + 18. What is f(z)?
-2
Let a(y) = -86*y - 32. Let f(h) = -17*h - 6. Let w(l) = 2*a(l) - 11*f(l). Suppose -2*o - 29 = -27. Give w(o).
-13
Let m(j) = -58*j + 718. Let h(q) = 9*q - 111. Let p(a) = -32*h(a) - 5*m(a). Calculate p(29).
20
Let b(y) be the second derivative of -37*y**3/3 - 811*y**2/2 - 142*y - 26. Determine b(-11).
3
Let h(r) = -11*r**3 + 3*r**2 + 6*r + 4. Let t(i) = 9*i**3 - 4*i**2 - 5*i - 4. Let q(n) = 4*h(n) + 5*t(n). Determine q(8).
-12
Let y(f) = 1809*f + 2 - 3633*f + 1823*f. Let u(g) = g**2 + 5*g + 5. Let p be u(-5). Determine y(p).
-3
Suppose -46*m - 3611 = 111*m. Let v(x) = x**3 + 21*x**2 - 43*x + 63. What is v(m)?
-6
Let v(l) = -11*l - 71. Let f be -9 + (-10)/((-100)/(-90)) + 12. Give v(f).
-5
Let a(n) = -n - 2*n - 7764 + 7762. Let k = -5 + 3. Let h = k - 0. What is a(h)?
4
Let f(m) = -m**3 - 9*m + 21. Suppose -51 = w - 18*w. Give f(w).
-33
Let m = 166 + -161. Let r(b) = -9*b - 10*b + 3*b + m*b. Suppose -n + 3 = 4. Calculate r(n).
11
Let a = 35 + -33. Let o(n) be the first derivative of -7*n**3/3 + 2*n**2 - 2*n - 554. Determine o(a).
-22
Let h(q) = 3*q**3 - 14*q**2 - 13*q + 67. Let b be h(4). Let r(y) = y**2 + 16*y - 7. Determine r(b).
10
Let a(k) = -k. Let f(s) = 4*s + 4. Let x(c) = 5*a(c) + f(c). Suppose q + 6*q - 42 = 0. What is x(q)?
-2
Suppose -238 = -l + 3*v - 227, 12 = 2*l - 5*v. Let y(g) = -3*g**3 + 15 + 20*g + 20*g**2 + 3*g**3 + g**3. Calculate y(l).
-4
Let v(q) = -q + 5. Let n(i) = -11*i + 11. Let y(x) = 5*x - 6. Let r(k) = 4*n(k) + 9*y(k). Let z be r(6). Let s be 8 + (-9 - -2 - z). Determine v(s).
0
Let m be 11 - ((3 - -11) + -8). Let x(d) = -d**2 + 2*d + 15. Calculate x(m).
0
Suppose -7*o - 3 = -171. Let w(k) = -2*k + k + 8 - 23*k**2 + o*k**2. What is w(0)?
8
Let h = -10 + 12. Let n(r) = -16*r**h + r**3 - 2 + 4*r - 2*r**2 + 13*r**2. Suppose -2*q = 5*x + 12, -6*x = 4*q - 2*x. Give n(q).
-2
Suppose -3*b + 5*b - 18 = 0. Suppose 3*r - b*r + 24 = 0. Let u(o) = o**2 - 6*o + 2. Calculate u(r).
-6
Let k(t) be the second derivative of 8 - 1/2*t**3 + 2*t + 3*t**2 + 1/6*t**4. Calculate k(4).
26
Let s(d) = 10 + 10 + d - 1 - 3. Determine s(-11).
5
Let y(z) = z**3 - 6*z + 10*z + 2*z**2 - 2257 + 2259. Determine y(-3).
-19
Suppose 195 + 25 = 20*c. Suppose 9 = c*m + 75. Let x(l) = -l**3 - 7*l**2 + l + 8. Calculate x(m).
-34
Let p(q) be the third derivative of q**6/120 + q**5/5 + q**4/2 + 7*q**3/6 + 1553*q**2 + 36*q. Let j(c) = 5*c + 4. Let g be j(-3). Determine p(g).
-4
Let a(s) = -3 + 4*s + 12*s + 6*s**2 - s**3 - 8*s. Let x(h) = -h**3 + 4*h**2 + h - 5. Let f be x(3). Determine a(f).
4
Let b(z) = -29*z**3 + z**2 - 19*z + 6. Let x(h) = -36*h**3 + 3*h**2 - 22*h + 8. Let i(a) = 5*b(a) - 4*x(a). Let o be (-1)/((-10)/12 + 1). Give i(o).
4
Let c(d) be the third derivative of -d**5/30 - 4*d**4/3 - 23*d**3/6 - 46*d**2 - 24*d. What is c(-15)?
7
Let r(m) = -15*m**3 - m**2 + m + 2. Let n(p) = -41*p**3 - 3*p**2 + 2*p + 5. Let i(z)